tor of 15088 and 1474024.
184
What is the highest common divisor of 2109156 and 57596?
476
Calculate the greatest common divisor of 22857626 and 493.
29
Calculate the highest common divisor of 16748 and 107356.
4
Calculate the greatest common factor of 12 and 1056245964.
12
Calculate the highest common factor of 3518217 and 516.
129
What is the highest common factor of 47853 and 460746?
117
What is the highest common divisor of 24596 and 31132?
172
Calculate the greatest common factor of 308416 and 221516.
316
Calculate the greatest common divisor of 341 and 61226209.
341
Calculate the highest common factor of 209409898 and 434.
62
Calculate the greatest common factor of 80 and 302740.
20
Calculate the greatest common factor of 10192673 and 488.
61
Calculate the greatest common divisor of 196 and 5196548.
196
What is the greatest common divisor of 222965753 and 106?
53
What is the greatest common divisor of 722 and 1619383547?
361
What is the greatest common factor of 406265 and 606240?
2105
Calculate the greatest common factor of 104802 and 6144.
6
Calculate the greatest common divisor of 66690036 and 63.
63
Calculate the highest common factor of 32062 and 8131489.
943
What is the greatest common factor of 1768 and 1205572?
68
Calculate the highest common divisor of 144 and 10952112.
48
Calculate the highest common divisor of 11538 and 1629.
9
What is the highest common divisor of 208 and 193454378?
26
Calculate the greatest common factor of 32799 and 81393.
39
What is the highest common divisor of 26 and 166068929?
13
What is the highest common factor of 14373093 and 147?
21
What is the greatest common factor of 29617216 and 5092?
268
Calculate the highest common factor of 11445322 and 126.
14
Calculate the greatest common factor of 1028752 and 10242.
1138
What is the greatest common factor of 13152 and 228653?
137
What is the greatest common divisor of 74108 and 1204643?
97
What is the highest common divisor of 47193 and 605218763?
15731
What is the greatest common factor of 23 and 699146180?
23
Calculate the greatest common divisor of 355264 and 346304.
448
Calculate the highest common divisor of 35 and 16713662.
7
What is the highest common divisor of 52379301 and 39?
39
What is the highest common divisor of 408 and 4873662?
102
What is the highest common divisor of 786030 and 49875?
1995
What is the greatest common factor of 1314 and 13518?
18
Calculate the greatest common factor of 74875163 and 10371.
3457
Calculate the greatest common factor of 787 and 685957857.
787
Calculate the highest common divisor of 2996217 and 320880.
4011
Calculate the highest common divisor of 5016 and 2346344.
88
Calculate the highest common factor of 19668 and 43076.
44
What is the greatest common factor of 79584 and 1705056?
96
What is the highest common factor of 4604918 and 2272?
142
Calculate the greatest common factor of 1272 and 3041988.
636
Calculate the greatest common factor of 32 and 18254744.
8
Calculate the highest common divisor of 1254701370 and 195.
195
Calculate the highest common divisor of 1108920 and 18120.
120
Calculate the highest common factor of 478773255 and 987.
141
What is the greatest common divisor of 5611 and 437259619?
5611
What is the highest common factor of 40 and 2438230?
10
Calculate the highest common factor of 1783177 and 242.
121
What is the greatest common divisor of 300564804 and 18288?
1524
Calculate the greatest common divisor of 332476730 and 1013.
1013
What is the highest common factor of 14581349 and 14381?
197
Calculate the greatest common factor of 42466800 and 3600.
1200
Calculate the highest common divisor of 232084336 and 176.
176
Calculate the greatest common factor of 57409 and 21913.
17
What is the highest common factor of 32665 and 7075615?
235
Calculate the greatest common divisor of 3396094 and 1014.
26
Calculate the highest common divisor of 2916 and 192276.
36
What is the greatest common factor of 5418456 and 72?
24
What is the greatest common factor of 3 and 6857537?
1
Calculate the greatest common divisor of 1166 and 67927874.
106
What is the greatest common factor of 123278144 and 4428?
164
Calculate the greatest common factor of 235687 and 27925.
1117
Calculate the greatest common divisor of 2387 and 1642907.
217
Calculate the highest common divisor of 75659133 and 99.
33
Calculate the highest common factor of 745833 and 41613.
3201
Calculate the greatest common divisor of 675 and 7629425.
25
Calculate the greatest common divisor of 2266215 and 211988.
791
What is the highest common divisor of 45180 and 17624160?
180
What is the highest common divisor of 2032646 and 2354?
22
What is the highest common factor of 938 and 704823987?
469
What is the highest common divisor of 471 and 5615733?
471
Calculate the highest common divisor of 90 and 2329614.
18
Calculate the highest common divisor of 144 and 129751164.
36
What is the greatest common factor of 2683808 and 3?
1
Calculate the highest common factor of 929103 and 3144183.
6153
What is the greatest common divisor of 8430636 and 8304?
2076
What is the greatest common divisor of 1118 and 4671907?
43
What is the greatest common factor of 792960 and 115320?
120
What is the greatest common divisor of 6477347 and 342?
19
Calculate the greatest common factor of 1341477 and 333.
9
What is the highest common divisor of 7194011 and 176?
11
What is the highest common factor of 1870 and 56230?
10
Calculate the greatest common factor of 1993767566 and 3353.
3353
Calculate the greatest common divisor of 84956 and 23161288.
1268
What is the greatest common divisor of 18745 and 7888385?
815
What is the greatest common factor of 14 and 24018358?
14
What is the greatest common factor of 1378 and 42729713?
689
What is the highest common divisor of 408112 and 19504?
368
Calculate the greatest common divisor of 1572 and 81974560.
524
What is the highest common divisor of 69 and 108586680?
69
Calculate the greatest common factor of 7760 and 38420730.
970
What is the greatest common factor of 527 and 16985754?
17
Calculate the highest common factor of 2124 and 20167144.
236
Calculate the highest common factor of 109741970 and 254.
254
What is the greatest common factor of 4840 and 28970200?
40
Calculate the highest common factor of 92556000 and 72.
72
What is the highest common divisor of 4313 and 2603917?
227
Calculate the highest common divisor of 5866 and 1026466.
14
What is the highest common divisor of 3105246 and 6156?
114
Calculate the highest common divisor of 26709380 and 30.
10
What is the greatest common divisor of 240456 and 2028912?
1032
Calculate the greatest common divisor of 10461 and 83780247.
951
Calculate the highest common factor of 16767 and 294561.
207
Calculate the greatest common factor of 27918608 and 8.
8
Calculate the greatest common divisor of 1200 and 832584.
24
Calculate the highest common factor of 33028616 and 82.
82
Calculate the greatest common divisor of 67062910 and 292.
146
Calculate the greatest common divisor of 93396 and 2842128.
516
What is the greatest common divisor of 465168 and 8844?
132
Calculate the greatest common factor of 980472 and 12480.
24
Calculate the highest common factor of 38807 and 2118832.
151
What is the greatest common divisor of 493 and 31248839?
17
What is the highest common divisor of 159740 and 41402?
326
What is the highest common factor of 117 and 9874323?
9
What is the greatest common divisor of 72110 and 17310?
10
Calculate the highest common divisor of 26231646 and 204.
102
Calculate the highest common factor of 490 and 23676310.
490
What is the greatest common divisor of 27044645 and 27695?
955
Calculate the highest common divisor of 6161980 and 27252.
3028
Calculate the greatest common divisor of 56376124 and 196.
28
Calculate the highest common factor of 3189985 and 8510.
115
What is the highest common factor of 33 and 32574333?
33
Calculate the greatest common divisor of 8169999 and 6.
3
What is the highest common factor of 352436 and 3977?
41
What is the highest common divisor of 5 and 747388?
1
What is the highest common factor of 262292628 and 26?
26
What is the greatest common factor of 4815 and 12859688?
107
Calculate the highest common factor of 3940 and 126660.
20
What is the greatest